62/14. Suppose p - 6*p - 25 = 0, -3*r = 4*p - b. What are the prime factors of r?
13
Let v be 129/7 + (-3)/7. What are the prime factors of 10/(-45) + 760/v?
2, 3, 7
Let b(n) = -14*n + 41. What are the prime factors of b(-11)?
3, 5, 13
Suppose 16 = -2*w + 5*w - v, 4*w - v - 21 = 0. Suppose 2*l - 19 = -4*c + 27, l - 50 = -w*c. Suppose f - c + 2 = 0. What are the prime factors of f?
7
Suppose 3*g = -5*k + 265, 0 = -2*k + 4*g - 2*g + 90. List the prime factors of k.
2, 5
Let g(y) = -y**2 + 12*y + 3. List the prime factors of g(9).
2, 3, 5
Suppose q = -3*c + 4*c + 17, -2*c + 8 = 0. List the prime factors of q.
3, 7
Suppose -3*c - 2*c = -130. What are the prime factors of c?
2, 13
Let g be ((-9)/(-6))/(3/36). Suppose -3 = m - g. What are the prime factors of m?
3, 5
Let n = -18 - -42. List the prime factors of n.
2, 3
Let q(h) = 2*h**2 + h - 1. Let c be q(-2). Suppose n + 9 = -5*s, -c*s - 3 = -3*n + 30. What are the prime factors of n?
2, 3
Let s = -11 - -14. List the prime factors of (5 - 29)*(-2)/s.
2
Let v(j) = -j**2 + 5*j - 4. Let w be v(5). Let s be (8/(-3))/(w/6). Suppose 2*y + s*z - 4 = 0, -4*z - 6 = -2*y + 6. What are the prime factors of y?
2
Suppose -5*z - 240 - 10 = 0. Let c = -21 - z. List the prime factors of c.
29
Let o = 8 + 3. What are the prime factors of o?
11
Let m = 0 - 4. Let t = -5 - m. List the prime factors of 1/(-2 - t) + 4.
3
Suppose -4*y - 3 = 1. Let c = 0 - y. Suppose c = 3*j - 29. List the prime factors of j.
2, 5
Let z = 19 + -27. Let u = -2 - z. What are the prime factors of u?
2, 3
List the prime factors of -14*4/(8/(-13)).
7, 13
Suppose -1 - 14 = -n. What are the prime factors of n?
3, 5
Let g(w) = w**3 + 8*w**2 - 9*w + 6. List the prime factors of g(-8).
2, 3, 13
Let r(p) = p**3 - 6*p**2 - 5*p - 16. Let z(x) = 5*x**3 - 31*x**2 - 26*x - 81. Let b(m) = 11*r(m) - 2*z(m). List the prime factors of b(6).
2, 5
Suppose 0 = 4*i - 3*i - 3. Suppose i*o - 5*u + 27 = 0, -o = -2*o - u - 17. List the prime factors of (-4)/14 + (-186)/o.
13
Let o(f) = 2*f + 6. Let m(r) = 3*r + 5. Let y(h) = -3*m(h) + 2*o(h). Suppose 5 + 7 = -4*q. What are the prime factors of y(q)?
2, 3
Suppose 6*q - 3*q = 0. Suppose 4*x + 8 = -q*x. List the prime factors of x/(2*(-2)/28).
2, 7
List the prime factors of (-54)/((-1)/(-2)*-4).
3
Let l = 6 - 2. Let q(u) = 6*u + 1. Let x be q(l). Suppose 2*t + g = -3*t + 23, x = 3*t - 5*g. List the prime factors of t.
5
Suppose 0*a - 4*a = -12. Suppose -f - 17 = -a*c, -3*c = -5*c + 2*f + 6. Let j = c + 3. List the prime factors of j.
2, 5
Let g be 389/4 - 3/12. Suppose -f - 78 = 3*y - 7*y, 5*y = f + g. List the prime factors of y.
19
Suppose -b + 2*t = -3*t - 152, 4*t = b - 157. What are the prime factors of b?
3, 59
Let o = -11 - -6. What are the prime factors of 2*(-6)/10*o?
2, 3
Let v(n) = -n. Let r be v(-2). Suppose i = r*u + 22, 9 - 75 = -3*i - 5*u. Let k = i + -10. What are the prime factors of k?
2, 3
Suppose -12 = -8*v + 5*v. Suppose s = v*s. Suppose -3*j + 2*j + 5 = s. What are the prime factors of j?
5
Suppose 0 = -5*r - 2*q - 0*q + 208, 0 = 4*r - 2*q - 152. What are the prime factors of r?
2, 5
Suppose -4*l - 6 = 3*o - 239, -2*l - 5*o + 127 = 0. List the prime factors of l.
2, 7
Let h be ((-5)/4)/((-2)/8). Suppose -c = 0, 5*t + 10 = h*c + 25. List the prime factors of t.
3
Suppose 52 = -3*r + 31. Suppose -7*u + 2*u - 20 = 0, -4*u = -2*m + 24. Let n = m - r. List the prime factors of n.
11
Let r = 10 - 4. List the prime factors of (-115)/(-15) + (-4)/r.
7
Let d be 5 + (3 - (4 + -2)). Let y = 6 - d. Suppose -2*h = -h + f - 5, -3*h + 4*f + 29 = y. List the prime factors of h.
7
Let j(y) = y + 1. Let i be j(-11). What are the prime factors of (-18)/(-30) + (-114)/i?
2, 3
Suppose 3*y - 16*y + 247 = 0. List the prime factors of y.
19
Let a(m) = 4*m. Let p be a(1). Suppose -2*d + 16 = 4. Suppose p = d*g - 4*g. What are the prime factors of g?
2
Let r = -2 - -8. Let y(d) = -11*d - 4. Let g be y(r). List the prime factors of (-2)/3 - g/6.
11
Let s be (6 - 3 - 0) + -3. Suppose -y = -2*v + 29 + 30, 2*v - 2*y - 60 = s. Let f = v + -12. What are the prime factors of f?
17
Let h(v) = v + 11. Let l be h(-7). Suppose -13 = -l*t + 3*t. List the prime factors of t.
13
Let a(c) be the first derivative of -c**4/4 + c**2/2 + 17*c + 1. List the prime factors of a(0).
17
Suppose c - 20 = -c. Suppose -3*p - c = -31. List the prime factors of p.
7
Suppose 6*x = 4*r + 2*x - 44, 4*r - 14 = -2*x. What are the prime factors of r?
2, 3
Let l(t) = -t**3 + 6*t**2 - 4 - 5*t**2 + 6*t - 7*t**2 + 0. List the prime factors of l(-7).
3
Let s(m) be the third derivative of 1/24*m**4 + 0*m + 0 + 2/3*m**3 + m**2. What are the prime factors of s(7)?
11
Suppose 0 = 2*o - 2, -3*o = 4*t + 3 + 18. Let s(z) = z**2 - z - 8. What are the prime factors of s(t)?
2, 17
Let g be (-2)/5 - (-574)/10. Let l = -4 - -7. Suppose 0 = -5*i + g + l. List the prime factors of i.
2, 3
Suppose 5*m - 6*m - 5*b + 52 = 0, -4*b = 4. List the prime factors of m.
3, 19
Suppose -z = -5*p - 12, p + 13 = z + 1. Let k be (-4)/(-6)*z/2. What are the prime factors of (-1)/k + 50/8?
2, 3
Let j(d) = d**2 + 5*d - 4. Let a be j(-9). Let c = -11 + a. List the prime factors of c.
3, 7
Let s(m) = -4*m - 2 + 0*m + 0*m. List the prime factors of s(-2).
2, 3
Let h be 6 - (2 + (-1 - -2)). Let k(g) = -g**3 + 2*g**2 + 3*g + 3. Let v be k(h). Suppose 4*q = -t + 34, v*q + 6 = 4*t - 3*t. What are the prime factors of t?
2, 3
Let a(f) = -f**3 - 11*f**2 - 13*f + 9. Let g(v) = v**3 + 11*v**2 + 14*v - 10. Let k(c) = -5*a(c) - 4*g(c). List the prime factors of k(-10).
5
List the prime factors of (-435)/5*4/(-3).
2, 29
Let y = -15 - -9. Let o = -3 - y. List the prime factors of (-10)/(-2)*(4 - o).
5
Suppose -l = -224 - 18. Suppose -4*r = 22 - l. Suppose -2*v = v + 3*w - 45, -3*v = w - r. List the prime factors of v.
2, 5
Let m = -173 - -312. List the prime factors of m.
139
Let s = -5 + 5. Let o be s - (-1 - 2 - -3). Suppose -3*j + 3*l + 29 - 2 = o, -2*j + 3*l + 20 = 0. List the prime factors of j.
7
Let n(f) = -f**3 - 2*f**2 + 4*f + 4. Let y be n(-3). Let l = -1 + y. Suppose s - 4*s + b + 33 = l, 5*s = 4*b + 48. What are the prime factors of s?
2, 3
List the prime factors of 4/(-10)*(-1350)/9.
2, 3, 5
Let y(f) = -f**3 + 8*f**2 + f - 1. Let z be y(6). Suppose -h + 81 = 4*d - z, d - 2*h - 44 = 0. List the prime factors of d.
2, 5
Let p = -13 - -15. Suppose -3*y - p*y + 15 = 0. List the prime factors of y.
3
Let x(d) = -2*d. Let i be x(-2). Suppose 5*j - i*r - 20 = -0*r, 0 = -j - r + 13. List the prime factors of j.
2
Let n(t) = 3 - 6*t - 2 + 1 + 0. What are the prime factors of n(-2)?
2, 7
Suppose -3*k = 6, -3*x - 10*k = -7*k - 261. List the prime factors of x.
89
Suppose 2*q - 72 = -0*q. What are the prime factors of q?
2, 3
Let l = 6 + -14. Let y(f) = f**2 + 8*f - 2. Let g be y(l). What are the prime factors of ((-1)/g)/(3/42)?
7
Let h(u) = -5*u + 2. What are the prime factors of h(-3)?
17
What are the prime factors of (2 - 0) + (5 - -5)?
2, 3
Let u(o) = -11*o + 2. List the prime factors of u(-1).
13
Suppose -7*o = -3*o - 3*f - 18, 2*o - 16 = 5*f. Suppose -o*l + 80 = l. List the prime factors of l.
2, 5
Suppose 114 = -2*q - f, f - 106 = 5*q - 3*q. What are the prime factors of ((-12)/(-5))/((-11)/q)?
2, 3
Suppose -h + 6 = -2*n + 3, 3*n - 9 = -3*h. List the prime factors of -35*4/(-30)*h.
2, 7
Suppose -b = 4*b. Let z(m) be the second derivative of m**4/12 - m**3/6 + 3*m**2 + m. List the prime factors of z(b).
2, 3
Suppose -3*i - k + 38 = 0, -3*k + 3 + 1 = -i. What are the prime factors of i?
11
Suppose -41 + 9 = -g. Suppose 0 = w - 0*w - g. What are the prime factors of w?
2
Let q(n) = -n**3 + n**2 + n + 4. Let d be q(0). Suppose 0 = -w + 3*w - d. What are the prime factors of w?
2
Suppose -62 = -5*q + 88. Let x = q - 21. List the prime factors of x.
3
Let n = 57 + -29. Let t = 40 - n. What are the prime factors of t?
2, 3
Suppose 4 + 1 = 5*l. Let t = -1 - l. What are the prime factors of (t - 0) + (-3 - -11)?
2, 3
Let p = 12 + -9. Suppose 0 = -3*j + 15, p*h + 0*j + 3*j - 42 = 0. List the prime factors of h.
3
Let u(f) = -f**3 - f**2 - 10*f + 8. Let t(c) = c**3 + 11*c - 8. Let w(s) = -6*t(s) - 7*u(s). What are the prime factors of w(-6)?
2
Let h = 0 - 1. Let m(g) be the second derivative of 17*g**4/